*p - 1 + 11*p + 9 + 3*p + 5*p. What is k(-6)?
-4
Suppose 2*n + 139 = -3*o, 0 = 2*n - 5*o - 0*o + 179. Let g = -72 - n. Let z(c) = -c**2 + 3*c + 6. Give z(g).
-4
Suppose -k - 19 = -0*k. Let z(c) = -c - 729. Let w(p) = -4*p - 2207. Let h(s) = w(s) - 3*z(s). Calculate h(k).
-1
Let x(i) be the third derivative of -11/6*i**3 - 1/24*i**4 + 0*i - 13*i**2 + 0. Suppose 0 = 4*r + 4 + 8, 2*j - 3*r = -5. What is x(j)?
-4
Let g(z) be the first derivative of 2*z**3/3 + 3*z**2/2 - 6*z - 1406. What is g(-3)?
3
Let v be -24*10/15 - (-21 - -21). Let z(y) = y**3 + 17*y**2 + 17*y + 28. Determine z(v).
12
Let h(a) = 2*a**3 + 3*a**2 + a + 1. Let d(x) = -9*x**3 - 11*x**2 - 12*x - 17. Let u(y) = d(y) + 5*h(y). Determine u(-5).
-2
Let u(s) = 3*s**2 - 9*s + 21 - 2*s**2 - 22. Let y be (-235)/(-7) - (-112)/(-196). Let x be (2 - y/21)*21. What is u(x)?
-1
Let k(v) = 58*v + 25*v - 131*v + 33*v - 6 + 21*v. Calculate k(4).
18
Let c(m) = -m + 3. Suppose 2*a - 68 = -8. Suppose k + 20 = 3*v, -4*k + 7*k + a = 4*v. Let l be c(v). Let t(j) = j + 2. Calculate t(l).
-1
Suppose 5*o = 2*m + 8*o - 12, -21 = -m - 4*o. Let c(b) be the first derivative of b**3/3 + b**2 + 2*b - 1. Determine c(m).
5
Suppose -t + 2*i + 41 = 0, 0 = -t + 3*i + 41 - 4. Let m(z) = 6*z + 3 + 23*z**2 - t*z**2 + 27*z**2. What is m(-6)?
3
Let d(m) = -4*m + 1. Let s(n) = 5*n - 1. Let i(l) = -3*d(l) - 4*s(l). Let c(u) = -6 - 4 - u + 1 + 0. Let k be c(-10). What is i(k)?
-7
Let i(o) = 42*o - 41. Let f(l) = -20*l + 19. Let y(m) = 13*f(m) + 6*i(m). Calculate y(2).
-15
Let c(v) be the first derivative of -9*v**2/2 + 5*v + 1706. Determine c(2).
-13
Let c = 55 - 53. Suppose x - 5 = -3*m, c*m + 3*m - 14 = 4*x. Suppose 4 = -2*l, 2*l = m*j + l - 4. Let b(r) = 9*r**2 - r. Determine b(j).
8
Let c = 3 - 7. Let p(o) = 37*o**2 - 20*o + 12. Let m(t) = 51*t**2 - 27*t + 17. Let u(h) = -8*m(h) + 11*p(h). Determine u(c).
-4
Let x(a) = 174*a**2 - 20*a + 1. Let t(o) = -320*o**2 + 39*o - 3. Let w(z) = 6*t(z) + 11*x(z). What is w(3)?
-19
Let m(p) = -p**3 - 11*p**2 - 18*p - 10. Suppose -2*v = 10*d - 12*d - 20, -2*v = -5*d - 44. What is m(d)?
-58
Suppose 0 = -50*w + 99 + 101. Let v(i) = -39*i + 153. What is v(w)?
-3
Suppose 4*z - o - 6 = 0, 5*z + 0*z + o - 12 = 0. Let n(t) = -z*t - 3 - 2*t + 2*t + 7*t. Determine n(1).
2
Let c(x) be the second derivative of -x**5/20 - 7*x**4/12 - 2*x**3/3 - 3*x**2 + 12*x. Let w = -5884 - -5877. Give c(w).
22
Let y(z) = -14*z + 58. Let m be y(4). Let l(s) = -s**2 + 7*s + 34 + 2*s**m - 35. Suppose 18 = -5*g + 2*g. What is l(g)?
-7
Let c(v) = 2*v**3 + 6*v**2 + 6*v + 7. Suppose 2304 - 2294 = -5*y. Calculate c(y).
3
Let r(o) = -2*o**2 - 4 + o**3 - 1 + 2 + 8*o + o**2. Let l = 20 + -33. Let k(g) = -2*g**3 + 3*g**2 - 17*g + 6. Let c(a) = l*r(a) - 6*k(a). Determine c(-3).
-9
Let y be ((-1)/(-2))/((-3)/12). Let k be 19/y + 42/28. Let p be ((-12)/4)/((-6)/k). Let l(h) = -h**3 - 3*h**2 + 5*h + 5. What is l(p)?
1
Let v(z) = 35*z - 100. Let q be v(6). Suppose -r = 118 - q. Let d(x) = -x - 17. Calculate d(r).
-9
Let d(u) = u**2 + 3*u - 3. Suppose 5*t = -3*t. Suppose 5*a - n + 5*n = 11, t = 2*a - 2*n - 8. Suppose -a = 2*f + 5. Calculate d(f).
1
Let z(b) = -b**2 - 12*b - 12. Suppose 113*i = 101*i + 384. Suppose -t = 3*s + i, 5*t - 10 + 60 = -5*s. What is z(s)?
-1
Suppose 156*m - 205*m + 294 = 0. Let k(l) = 2*l**3 - 6*l**2 - 7*l - 11. Give k(m).
163
Suppose -3*y = -6*y - 0*y. Suppose y = -37*l + 19*l - 18. Let u(c) = -5*c**2 + c + 1. What is u(l)?
-5
Suppose -6*n - 36 + 24 = 0. Let v(x) be the second derivative of x**4/6 + 2*x**3/3 + x**2 + 8*x + 14. Determine v(n).
2
Suppose -20 = 4*x + x. Let r(g) be the second derivative of -g**5/20 - g**4/3 - g**3/3 + 116*g. Give r(x).
8
Let z = -27 - -54. Let a(v) = -60*v**2 + 3 + z*v**2 + 34*v**2 + 8*v. Determine a(-3).
-12
Let b(w) = -9*w**3 + 48*w**2 + w + 6. Let i(y) = 7*y**3 - 42*y**2 + y - 6. Let h(m) = -5*b(m) - 6*i(m). Determine h(-5).
-14
Let h(u) be the third derivative of u**2 + 0 - 1/24*u**4 - 5/3*u**3 + 8*u. Let p(s) = 2*s**3 + 3*s**2 + s - 1. Let o be p(-2). Determine h(o).
-3
Let o(w) = 30*w**2 - 42 - 9*w - 14*w**2 - 13*w**2. Let m be o(6). Let g(v) = v - 3. Calculate g(m).
9
Let x(v) = 2*v - 6. Let f be x(5). Let z(s) = 4*s + 5*s + f*s - 5 - 11*s. Determine z(4).
3
Let m(x) = -x + 1. Suppose -55 = 2*l - 35. Let p = 10 - l. Suppose -16*n - p = -11*n. What is m(n)?
5
Let z(p) = p**3 + p**2 - p + 1. Let j(x) = -5*x - 9. Let m be j(-1). Let a(k) = 3*k**3 + 10*k**2 + k - 1. Let n(w) = m*z(w) + a(w). What is n(7)?
-19
Let q(t) = t**3 - 6*t**2 + 14*t - 2. Let a be 0 - (93/(-15) - (-21)/105). Determine q(a).
82
Let u be (2 + -9)/((-110)/(-28) - 4). Suppose -8*f = -15*f + u. Suppose 2*x + 12 - f = 0. Let a(g) = -13*g. Give a(x).
-13
Suppose 220 = 74*t + 20 - 96. Let w(m) = 2*m**3 + 5*m - 3. Calculate w(t).
145
Let b be 1/60*-7 - (250/(-60) - -4). Let u(d) be the second derivative of d**2 - 11*d - 1/3*d**3 - b*d**5 - 1/4*d**4 + 0. Calculate u(-2).
2
Let q(m) = 50*m**2 - 6051*m + 123. Let v be q(121). Let t(o) = 27*o + 1. Let b(u) = -u - 1. Let f(x) = -2*b(x) - t(x). What is f(v)?
-49
Let a(v) = 41*v**3 + 3*v**2 + 3*v + 17. Let h(m) = 2*m**3 - m**2 + 2*m + 17. Let c(d) = a(d) - h(d). Calculate c(-1).
-36
Let m(u) = -120 - 116 + u**2 + 6*u - 116 - u + 346. Determine m(5).
44
Let i = 62 - -135. Let c(z) = 390*z - i*z - 197*z. Determine c(2).
-8
Let h(l) be the second derivative of -l**3/6 + 178*l. Determine h(-1).
1
Let l be ((-2)/(-3))/(4/(-12)). Let d(j) be the second derivative of 1/6*j**3 - 1/2*j**2 + 0 - 6*j. Give d(l).
-3
Let b be (4/(-6))/(6/(-1845)). Suppose 4*q - 3*s - 31 = 152, 0 = -5*q - s + b. Let z(a) = 32 - 9*a - a**3 + 5*a**2 - q - 14*a**2. Calculate z(-8).
-2
Let c(x) = -12*x - 11*x + 47*x - 10*x + 0*x**2 + 25 + x**2. Calculate c(-8).
-23
Let f(i) = 20*i - 10. Let l = -11479 + 11482. Determine f(l).
50
Let b = 1429 - 1434. Let q(v) = -12*v**2 - 58*v + 5. Determine q(b).
-5
Let i(z) = 119 - 16*z - 13*z - 8*z + 18*z. Give i(6).
5
Let w(y) = -4*y - 6. Let l(s) = -3*s - 2. Suppose -8*d + 5*h = -10*d - 27, 0 = 2*d - 4*h - 18. Let v(t) = d*l(t) + w(t). Let x = -4 - 1. Determine v(x).
1
Let f(u) = -7*u**2 + 188*u - 186. Let c be f(1). Let v(i) = -6. Let a(y) = y + 31. Let l(x) = 2*a(x) + 11*v(x). Determine l(c).
-14
Suppose 6*s - 6*s = -2*s. Let f be (-3)/2 - (s + (-7)/2). Let o(g) = g**2 - 7*g**2 + g**f + 4*g**2 - 7*g - 1. Calculate o(-5).
9
Let n be (0/(-2*1))/1. Let u(q) be the second derivative of -q**5/20 + q**4/12 + q**2 + 3940*q. Calculate u(n).
2
Let o(w) = 15*w**2 + 75*w - 116. Let m(q) = 4*q**2 + 25*q - 43. Let t(s) = 7*m(s) - 2*o(s). Calculate t(9).
-6
Suppose 14 = 3*p + k, -p - k + 1 = -5. Suppose -643 = -2*z - j, -4*j + 678 = p*z - 618. Let x(c) = -z*c + 161*c + 157*c + 8. What is x(-6)?
14
Let p(a) be the third derivative of -a**7/240 - 32*a**5/15 - 24*a**2. Let f(n) be the third derivative of p(n). Determine f(1).
-21
Let a(s) = -3*s**3 - 55*s**2 + 31*s - 53. Let p(q) = -2*q**3 - 37*q**2 + 20*q - 35. Let x(z) = 5*a(z) - 7*p(z). Calculate x(-17).
14
Let o(z) = 2*z**3 - 8*z**2 + 7. Let y(n) = n**3 - 2*n**2 - 39*n + 124. Let p be y(5). What is o(p)?
7
Let d(j) = j**3 + 2*j**2 + 1. Let a be d(1). Let n(i) = 5 + 0 - a*i - 1. What is n(2)?
-4
Suppose 5*r - 24 = -3*s, -17 = 3*s - 2*r - 20. Let q(o) = o**2 - 21*o + 34. Calculate q(s).
-20
Let s(n) = -159*n**3 + 11*n**2 - n + 5. Let g(v) = -31*v**3 + 2*v**2 + 1. Let z(c) = -11*g(c) + 2*s(c). Give z(-1).
-22
Let l(r) = -r**2 + 4*r + 4. Let n be l(4). Let i(c) = 3*c + 5 + n*c - 8 + c**3 - 11*c + 2*c**2. Let k be -2 + (0 - 1)*1. What is i(k)?
0
Suppose 30*s - 457 + 157 = -30*s. Let g(m) = -46*m + 227. Calculate g(s).
-3
Let t(w) = -7*w**3 + 12*w**2 + 8*w + 4. Let b(s) = s**3 - 2*s**2 - 2*s + 1. Let d(h) = -8*b(h) - t(h). Calculate d(5).
3
Let b(o) = 64*o**2 - 20*o + 5. Let q(c) = -79*c**2 + 21*c - 5. Let x(j) = -5*b(j) - 4*q(j). Calculate x(5).
-25
Let u(p) = 38*p - 7. Let h(v) = -148*v + 36. Let c(g) = -2*g + 1. Let a(i) = 16*c(i) - h(i). Let q(y) = -6*a(y) + 17*u(y). Determine q(1).
-49
Let v(z) = -1 - 2 + 2*z + 1 - 1. Let a(f) = -2*f + 2. Let t(d) = 4*a(d) + 3*v(d). Let j(m) = -7*m**2 + 36*m. Let g be j(5). Give t(g).
-11
Let i(l) = -l + 33. Let h(b) = 2*b**2 + 33*b + 52. Let w be h(-15). Let m(s) = 10. Let n(f) = w*